tors of w?
2, 127
Let x(s) = -s + 10. Let u be x(7). Suppose u*y + 32 = -40. Let k = -14 - y. List the prime factors of k.
2, 5
Let s(x) = 1. Let m(u) = -u - 3. Let o(v) = 4*m(v) + 11*s(v). List the prime factors of o(-7).
3
Let l = 156 - 145. List the prime factors of l.
11
Let j(p) = p**3 - p**2 + 2*p - 3. Let b be j(2). Suppose 0*z + 64 = 4*z - 4*m, -b*m - 20 = -z. List the prime factors of z.
3, 5
Let r = -4 + 8. Let a = r + 8. Suppose -2*k + a = -22. What are the prime factors of k?
17
Suppose -2*i + 6*i + 12 = 0. Let f = i - -6. What are the prime factors of f?
3
Let y(h) = -h**3 + 8*h**2 - 8*h + 10. Let z be y(7). Let a be -1 - z/(-6)*2. Suppose 2*g = 8, a*p - 3*p - 2*g = -17. What are the prime factors of p?
3
What are the prime factors of (3/(-3))/((-2)/(3*52))?
2, 3, 13
What are the prime factors of 0 + (22 - 8/2)?
2, 3
Let a(d) = -d**3 + 7*d**2 - 7*d - 8. Let h be a(6). What are the prime factors of 4/h + (-79)/(-7)?
11
Let i = -17 + 6. Let b = i + 26. List the prime factors of b.
3, 5
Suppose 45 = v + 5*z - z, 0 = v - 3*z - 31. What are the prime factors of v?
37
Suppose -3*h = -0 - 6. Let k be (24/(-14))/h*-7. Suppose 3*f = i - 6*i + 38, i - k = f. What are the prime factors of i?
7
Suppose -28 = -4*s + 4*t - 2*t, 0 = 2*s + 5*t - 26. List the prime factors of ((-30)/s)/((-27)/144).
2, 5
Let j be -2*((-3)/2 - 0). Suppose -4*u = -c - j*c - 12, 0 = 3*c + 6. List the prime factors of u/(-1) - (-26)/2.
2, 3
Suppose 265 = 2*k - 3*g, -5*g + 74 + 183 = 2*k. List the prime factors of k.
131
Suppose 3*m + 5*u - 40 = 0, -2*m - 2*u + u + 15 = 0. Suppose 0 = 2*f - 4*d + d - 29, -f - m*d = -47. Suppose -v + f = 8. List the prime factors of v.
2, 7
Let j be (1 + -2)/(4/(-8)). List the prime factors of (1 - j) + -2 + 31.
2, 7
Let y(g) = -2*g - 3. Suppose -3*i - 1 = -7. Suppose -i*u = 3*u + 45. List the prime factors of y(u).
3, 5
Suppose 4*g - 77 = g + 4*t, 104 = 4*g - 4*t. List the prime factors of g.
3
Let h = -8 + 6. Let z = -1 + h. List the prime factors of (-1)/3*z + 8.
3
Let p(f) = -4 + 4*f**2 + 5*f - 5*f**2 + 3*f. Let w be p(7). Suppose -w*l - 2*y + 12 = -2*l, -5*l = -y - 60. What are the prime factors of l?
2, 3
What are the prime factors of 13*(-4)/((-3)/3)?
2, 13
Suppose 3*k = -3*k + 36. Suppose k*s - 170 = s. What are the prime factors of s?
2, 17
List the prime factors of -2*(0 + 101/(-2)).
101
Suppose -2*n + 73 + 127 = 0. What are the prime factors of n?
2, 5
Let s(p) = 2*p**2 + 2. Suppose 3*a = 2*f + 3*f + 3, 3*f - a = -5. What are the prime factors of s(f)?
2, 5
What are the prime factors of (22/(-7))/(5/(-35))?
2, 11
Let h be 12/2*(-6)/(-18). Suppose 0*z - 6 = -h*z. What are the prime factors of z?
3
Let l = -12 + 23. What are the prime factors of l?
11
List the prime factors of -3 + 3 + (-1 - -282) + -1.
2, 5, 7
Let d = 7 + 97. What are the prime factors of d?
2, 13
Suppose -i = -5*n - 76 + 429, -n - 5*i = -81. What are the prime factors of n?
71
Let g(n) = n**3 + 7*n**2 - n - 1. List the prime factors of g(-6).
41
Let r = 22 + -22. Let h(s) = s**2 - 2*s - 1. Let j be h(3). Suppose r = j*a - 7*a + 65. List the prime factors of a.
13
Let q be (-3 - -6)*4/3. Let h be 1 + (-2 + 25 - 1). Suppose -5*w = 2*l - 7, 0*w = -l + q*w + h. What are the prime factors of l?
11
Suppose z = 4*j + 2, -4*z + 0 = 3*j + 11. List the prime factors of 1 + (-7)/j + -3.
5
Let v(z) = 11*z**2 + 2*z - 1. Suppose 0 = 3*i - 2*c - 11, c - 1 = -i - 4. Let l be v(i). List the prime factors of ((-2)/(-6))/(2/l).
2
Suppose 0 = -7*l + 8*l - 63. What are the prime factors of l?
3, 7
Suppose -j = -20 + 7. Suppose 4*q - j = 3. Suppose -q*k + 2*i + 48 = i, -i - 37 = -3*k. What are the prime factors of k?
11
Let x(m) = 3*m - 17. Let u(p) = p - 6. Let v(c) = -11*u(c) + 4*x(c). Suppose 5*a + 3*h - 28 = 0, h - 6 = -a - 0. List the prime factors of v(a).
3
Suppose 0*x + x = 0. Suppose 2 = -x*c + c. Suppose 4*k = 5*k - m - 6, 3*k - 23 = -c*m. What are the prime factors of k?
7
Suppose 5*d + 4*q = 6*q + 166, 76 = 2*d - 4*q. What are the prime factors of d?
2
Let k = 19 + -11. Let b = k + -5. Suppose -36 = -b*w - w. What are the prime factors of w?
3
Suppose 0*f - 3*f = -2*s - 58, -f + 22 = -2*s. What are the prime factors of f?
2, 3
Suppose -78 = 4*a - 9*a + 2*z, -4*a - 4*z = -68. Suppose a - 46 = -3*k. What are the prime factors of k?
2, 5
Suppose -3*z = -0*z + 5*t + 1, 0 = -3*z + t + 11. Suppose z*u = -s + 4*s, 0 = -3*u + 4*s - 2. List the prime factors of u.
2
Suppose -16 = 5*s - 4*c, 5*c - 3 = -2*s - 16. Let m = -2 + s. List the prime factors of (2/m)/(5/(-45)).
3
Let l be (-18)/10 + 3/(-15). Let x be -7*(l/(-14) + -1). List the prime factors of x + -4 + (1 - -1).
2
Let c(h) = h**3 - 18*h**2 + 16*h + 9. Let g be c(17). Let y(j) = -j**3 - 8*j - 9*j**2 - 3*j - 5 + 2*j. What are the prime factors of y(g)?
3
Suppose -20*y + 10*y = -1660. What are the prime factors of y?
2, 83
Let m(b) = 2*b**2 + 2*b - 5. Let s be m(4). Let x = s - -17. Suppose 0 = -4*k - 0*k + 2*u + x, 3*u = 6. List the prime factors of k.
2, 7
Suppose 19*b - 24*b = -530. Let o = b - 68. List the prime factors of o.
2, 19
Let f(a) = a**2 - 4*a + 2. Let h be f(4). Let n be (-1 + 0)*(-5 + h). Suppose -n = -0*i - i. List the prime factors of i.
3
Let x be 6/(-4) - (-28)/8. What are the prime factors of x/4*(-34)/(-1)?
17
What are the prime factors of 62 + 7/(28/16)?
2, 3, 11
What are the prime factors of 1 + 225 + (-1 - -4)?
229
Suppose -6*q = 41 + 7. Let h(f) be the third derivative of f**6/120 + 3*f**5/20 + 3*f**4/8 + 5*f**3/3 - 2*f**2. What are the prime factors of h(q)?
2
Suppose 0*t - t = -3. Suppose t*v - 4 = 2. Let b(n) = n**3 + 2*n - 2. List the prime factors of b(v).
2, 5
Let r(d) = -94*d - 2. List the prime factors of r(-2).
2, 3, 31
Suppose 4*o = k + 4*k + 69, 5*o - 5*k = 80. Let h(b) = b**2 - 8*b - 3. What are the prime factors of h(o)?
2, 3, 5
Suppose 12*y - 10*y - 250 = 0. What are the prime factors of y?
5
Let g be 765/12 - 9/12. Suppose 2*z + 15 = g. List the prime factors of z.
2, 3
Let l(n) = 5*n - 1. Let b be l(1). Let a = 8 - b. What are the prime factors of a?
2
List the prime factors of (104/(-12))/((-2)/42).
2, 7, 13
Let j(c) = c**2 - 6*c - 11. Let m(x) = x**3 - x**2 + 3*x - 1. Let g be m(2). List the prime factors of j(g).
2
Suppose 4*u + 2*w - 22 = -3*w, 0 = -3*u - 3*w + 15. Let l be 6/(-4)*56/(-12). Suppose u*v + 2*v + g = 21, 0 = -3*v - 2*g + l. List the prime factors of v.
5
Suppose 19 = -2*c + 5. What are the prime factors of 6/(-21) - 177/c?
5
Let i be (-4)/3*(-18)/4. Suppose -k + 2*h = h + i, -4*k - 2*h - 12 = 0. Let p(o) = -2*o - 4. List the prime factors of p(k).
2
Let p(i) = -i**2 + i - 4. Let o be p(0). List the prime factors of (112/10)/o*-5.
2, 7
Let f(a) = a**2 - 3*a + 3. Let k be f(4). Let p = k + 6. What are the prime factors of p?
13
Suppose -4*n = -2*f - 2, 2*n = 4*n + f - 11. Suppose 3*z + 3 = 3*o, -2*o = n*o - 3*z - 1. Let m(g) = -9*g + 1. List the prime factors of m(o).
2, 5
Suppose -15 = -4*q - q. Let t = -4 + 9. Suppose 7*u + 2*k = q*u + 30, -t*k = u + 6. List the prime factors of u.
3
Suppose -2*q - q - 6 = 0. Let i = -4 - q. List the prime factors of (3 + 1)*(-1)/i.
2
Suppose -k = -2*k + 2*t + 312, 2*t - 8 = 0. What are the prime factors of k?
2, 5
Let l = 4 + -2. Suppose l*w = 3*p - 5, 50 = 6*p - p + 5*w. Suppose -2 = c - 4*y - 10, 0 = -p*y + 5. List the prime factors of c.
2, 3
Let f be (-206)/(-4) - (-3)/(-6). Suppose 0 = -2*a + 5*a - f. List the prime factors of a.
17
What are the prime factors of ((-15)/2)/((-36)/240)?
2, 5
Let m(i) = -7*i + 2*i - 3*i**2 - 3*i + 12 + 2*i**2. Let d be m(-9). Suppose 0 = 3*u - 4*g - 9, -3*u = -2*u - 3*g - d. List the prime factors of u.
3
Suppose -3*v = v + 80. Let j = v - -33. List the prime factors of j.
13
What are the prime factors of ((-404)/12 + -4)/(2/(-6))?
113
List the prime factors of (6360/(-90))/(2/(-3)).
2, 53
Let g be 2/(1/(12/8)). What are the prime factors of 81/4 - g/12?
2, 5
Suppose 8 = -2*t + 4*j, -3*t = t - 3*j - 9. Let u = t - 2. List the prime factors of u.
2
Suppose 13 = -4*h - 11. List the prime factors of 9*(-1 - h/3).
3
Let h(u) = 4*u**2 - u - 3. Let q be h(4). Suppose 2*m - q = -m. List the prime factors of m.
19
Let r(d) = 3 - 2*d**3 - 4*d + 7*d**2 + 3*d**3 - 2*d**3 - 4*d. Let o(y) = -y + 15. Le